, 421, 1847
List the prime factors of 3130959485.
5, 569, 1100513
What are the prime factors of 91251697?
157, 359, 1619
List the prime factors of 30840780.
2, 3, 5, 514013
What are the prime factors of 1651789191?
3, 13, 42353569
What are the prime factors of 2470554127?
71, 34796537
What are the prime factors of 669005107?
669005107
What are the prime factors of 5363953740?
2, 3, 5, 23, 41, 31601
What are the prime factors of 1173859275?
3, 5, 769, 20353
List the prime factors of 53237730.
2, 3, 5, 7, 13, 19501
List the prime factors of 147684834.
2, 3, 11, 19, 37, 1061
What are the prime factors of 244516279?
7, 34930897
List the prime factors of 2375512871.
83, 28620637
What are the prime factors of 1685296294?
2, 11, 76604377
List the prime factors of 29985666.
2, 3, 4997611
What are the prime factors of 34890846?
2, 3, 5815141
List the prime factors of 143982360.
2, 3, 5, 14813
List the prime factors of 71944087.
31, 71, 32687
List the prime factors of 46732096.
2, 19, 38431
What are the prime factors of 63107612?
2, 15776903
What are the prime factors of 67587749?
127, 532187
List the prime factors of 1430235247.
7, 204319321
What are the prime factors of 145835809?
7, 17, 29, 6037
List the prime factors of 10299425.
5, 19, 21683
What are the prime factors of 29500081?
13, 2269237
List the prime factors of 151110447.
3, 50370149
List the prime factors of 847587256.
2, 105948407
What are the prime factors of 5268032?
2, 7, 11, 1069
What are the prime factors of 131228975?
5, 5249159
List the prime factors of 1436648888.
2, 179581111
List the prime factors of 15268523.
31, 41, 293
List the prime factors of 47697554.
2, 3517, 6781
What are the prime factors of 40837138?
2, 20418569
What are the prime factors of 3449982?
2, 3, 19, 53, 571
What are the prime factors of 167585891?
11, 15235081
List the prime factors of 4317132269.
17, 23, 41, 197, 1367
List the prime factors of 12511751.
7, 1787393
What are the prime factors of 158002249?
23, 298681
List the prime factors of 50373042.
2, 3, 109, 77023
List the prime factors of 2718002748.
2, 3, 31, 607, 12037
List the prime factors of 125379232.
2, 11, 32381
What are the prime factors of 48838992?
2, 3, 1017479
List the prime factors of 731953134.
2, 3, 11, 3696733
What are the prime factors of 6557549050?
2, 5, 13, 79, 127703
List the prime factors of 3760552583.
29, 61, 229, 9283
List the prime factors of 6647207088.
2, 3, 61, 907, 2503
What are the prime factors of 2813612088?
2, 3, 7, 313, 53507
What are the prime factors of 164679729?
3, 54893243
What are the prime factors of 2219579893?
2219579893
What are the prime factors of 5075351?
31, 101, 1621
What are the prime factors of 3035782037?
3035782037
List the prime factors of 1014410589.
3, 19, 4079, 4363
What are the prime factors of 9237652?
2, 2309413
What are the prime factors of 25980391?
19, 71, 19259
What are the prime factors of 517738525?
5, 1163, 17807
What are the prime factors of 1655070322?
2, 751, 941, 1171
What are the prime factors of 12314950?
2, 5, 71, 3469
List the prime factors of 542912662.
2, 3023, 89797
List the prime factors of 46444421.
46444421
List the prime factors of 336782678.
2, 71, 2371709
What are the prime factors of 71877658?
2, 35938829
List the prime factors of 124057986.
2, 3, 13, 1590487
List the prime factors of 61923583.
971, 63773
What are the prime factors of 38476044?
2, 3, 1068779
List the prime factors of 248280470.
2, 5, 103, 241049
What are the prime factors of 2401807323?
3, 227, 1877, 1879
List the prime factors of 294761557.
241, 1223077
List the prime factors of 15969937.
19, 840523
List the prime factors of 128710445.
5, 521, 49409
List the prime factors of 1093566034.
2, 11, 1873, 26539
List the prime factors of 163049350.
2, 5, 83, 101, 389
What are the prime factors of 13862125?
5, 43, 2579
List the prime factors of 33680815.
5, 7, 962309
List the prime factors of 68200728.
2, 3, 19, 149563
What are the prime factors of 136720185?
3, 5, 7, 223, 5839
What are the prime factors of 3173840355?
3, 5, 7, 30227051
What are the prime factors of 57534205?
5, 17, 743, 911
What are the prime factors of 493058588?
2, 11, 19, 589783
List the prime factors of 1850195628.
2, 3, 17131441
List the prime factors of 44486652.
2, 3, 7, 529603
What are the prime factors of 48954551?
48954551
List the prime factors of 224649547.
224649547
List the prime factors of 70837621.
347, 204143
What are the prime factors of 8746876?
2, 2186719
List the prime factors of 58485406.
2, 7, 17, 31, 7927
What are the prime factors of 584777299?
16657, 35107
What are the prime factors of 357626232?
2, 3, 1655677
List the prime factors of 973324882.
2, 311, 1564831
What are the prime factors of 2490181807?
37, 163, 283, 1459
What are the prime factors of 96094800?
2, 3, 5, 26693
What are the prime factors of 1486720802?
2, 7, 106194343
List the prime factors of 1005165583.
5653, 177811
What are the prime factors of 1114952198?
2, 107, 5210057
What are the prime factors of 14141490?
2, 3, 5, 11, 42853
What are the prime factors of 708194312?
2, 7, 41, 308447
What are the prime factors of 131315923?
37, 3549079
What are the prime factors of 265200000?
2, 3, 5, 13, 17
What are the prime factors of 45923909?
45923909
What are the prime factors of 33121091?
113, 293107
What are the prime factors of 838660319?
7, 4457, 26881
List the prime factors of 9554377.
7, 1364911
List the prime factors of 4253330.
2, 5, 425333
List the prime factors of 269651528.
2, 103, 327247
What are the prime factors of 132481772?
2, 2297, 14419
What are the prime factors of 635207933?
283, 449, 4999
What are the prime factors of 32379126?
2, 3, 13, 571, 727
What are the prime factors of 46121415?
3, 5, 829, 3709
List the prime factors of 496283660.
2, 5, 673, 36871
List the prime factors of 41190473.
17, 2422969
What are the prime factors of 465342994?
2, 569, 408913
What are the prime factors of 312473505?
3, 5, 41, 508087
List the prime factors of 118001791.
118001791
What are the prime factors of 97796125?
5, 7, 111767
What are the prime factors of 359006146?
2, 8647, 20759
What are the prime factors of 83484022?
2, 2027, 20593
List the prime factors of 29556819.
3, 121633
What are the prime factors of 65233233?
3, 13, 17, 32797
What are the prime factors of 245902328?
2, 7, 67, 65539
What are the prime factors of 5435608092?
2, 3, 47, 9637603
List the prime factors of 32919309.
3, 541, 6761
List the prime factors of 1176344032.
2, 36760751
What are the prime factors of 16461806?
2, 31, 265513
List the prime factors of 9239756.
2, 73, 31643
List the prime factors of 21757776.
2, 3, 37, 12251
What are the prime factors of 2594713633?
53, 48956861
What are the prime factors of 7315031886?
2, 3, 9929, 122789
List the prime factors of 5857049.
11, 709, 751
List the prime factors of 3728526669.
3, 7, 167, 50627
List the prime factors of 1730178904.
2, 37, 271, 21569
What are the prime factors of 4897322195?
5, 157, 863, 7229
What are the prime factors of 132869394?
2, 3, 7, 19, 55501
List the prime factors of 776195794.
2, 11, 31, 1138117
List the prime factors of 145908338.
2, 29, 191, 13171
What are the prime factors of 745178407?
745178407
List the prime factors of 82317210.
2, 3, 5, 47, 79, 739
What are the prime factors of 68511604?
2, 7, 293, 1193
List the prime factors of 760590427.
23, 127, 260387
List the prime factors of 62292406.
2, 11, 29, 163, 599
List the prime factors of 3554204019.
3, 1184734673
List the prime factors of 2294865149.
29, 193, 263, 1559
What are the prime factors of 48524344?
2, 11, 139, 3967
What are the prime factors of 611371156?
2, 11, 29, 479131
What are the prime factors of 97918404?
2, 3, 73, 111779
What are the prime factors of 4053303458?
2, 2026651729
What are the prime factors of 6181810154?
2, 13, 14947, 15907
List the prime factors of 1089869405.
5, 17, 2273, 5641
What are the prime factors of 5944726519?
24019, 247501
What are the prime factors of 72459809?
72459809
List the prime factors of 3732163845.
3, 5, 29, 8579687
List the prime factors of 53960223.
3, 41, 438701
List the prime factors of 2495286947.
43, 58029929
What are the prime factors of 13583958?
2, 3, 37, 43, 1423
What are the prime fa